{"id":287,"date":"2021-12-05T00:09:06","date_gmt":"2021-12-05T00:09:06","guid":{"rendered":"https:\/\/kinsley-demo.bslthemes.com\/?page_id=287"},"modified":"2025-01-31T10:36:09","modified_gmt":"2025-01-31T09:36:09","slug":"about","status":"publish","type":"page","link":"https:\/\/location-marrakech-kaia.com\/?page_id=287","title":{"rendered":"About"},"content":{"rendered":"\t\t<div data-elementor-type=\"wp-page\" data-elementor-id=\"287\" class=\"elementor elementor-287\">\n\t\t\t\t<div class=\"elementor-element elementor-element-bba383e e-con-full e-flex e-con e-parent\" data-id=\"bba383e\" data-element_type=\"container\" data-e-type=\"container\">\n\t\t<div class=\"elementor-element elementor-element-fb834ae e-con-full e-flex e-con e-child\" data-id=\"fb834ae\" data-element_type=\"container\" data-e-type=\"container\">\n\t\t\t\t<div class=\"elementor-element elementor-element-17936a0 elementor-widget elementor-widget-kinsley-intro\" data-id=\"17936a0\" data-element_type=\"widget\" data-e-type=\"widget\" data-widget_type=\"kinsley-intro.default\">\n\t\t\t\t<div class=\"elementor-widget-container\">\n\t\t\t\t\t\n    <!-- banner -->\n    <section class=\"knsl-banner-simple knsl-transition-bottom knsl-banner-white\">\n      \n\t  \n      <div class=\"container\">\n        <div class=\"row\">\n          <div class=\"col-lg-12\">\n\n            <div class=\"knsl-center knsl-title-frame title-pos-top\">\n                            <h1 class=\"knsl-title--h knsl-mb-20 knsl-h1-inner\">\n                <span >\n                    A propos de la Villa Ka\u00efa                <\/span>\n              <\/h1>\n                                          <p class=\"knsl-text knsl-mb-30\">\n                <span >\n                    Un cadre exceptionnel pour un s\u00e9jour unique                 <\/span>\n              <\/p>\n              \n              \n            <\/div>\n\n          <\/div>\n        <\/div>\n      <\/div>\n    <\/section>\n    <!-- banner end -->\n\n\t\t\t\t\t\t<\/div>\n\t\t\t\t<\/div>\n\t\t\t\t<\/div>\n\t\t\t\t<\/div>\n\t\t<div class=\"elementor-element elementor-element-489d2f7 e-con-full e-flex e-con e-parent\" data-id=\"489d2f7\" data-element_type=\"container\" data-e-type=\"container\">\n\t\t<div class=\"elementor-element elementor-element-0424e31 e-con-full e-flex e-con e-child\" data-id=\"0424e31\" data-element_type=\"container\" data-e-type=\"container\" data-settings=\"{&quot;background_background&quot;:&quot;classic&quot;}\">\n\t\t\t\t<\/div>\n\t\t\t\t<\/div>\n\t\t<div class=\"elementor-element elementor-element-37a9e6a e-con-full e-flex e-con e-parent\" data-id=\"37a9e6a\" data-element_type=\"container\" data-e-type=\"container\">\n\t\t<div class=\"elementor-element elementor-element-e1f8e38 e-flex e-con-boxed e-con e-child\" data-id=\"e1f8e38\" data-element_type=\"container\" data-e-type=\"container\">\n\t\t\t\t\t<div class=\"e-con-inner\">\n\t\t<div class=\"elementor-element elementor-element-f081f40 e-con-full e-flex e-con e-child\" data-id=\"f081f40\" data-element_type=\"container\" data-e-type=\"container\">\n\t\t\t\t<div class=\"elementor-element elementor-element-d1fe5b8 elementor-widget elementor-widget-kinsley-section-heading-two\" data-id=\"d1fe5b8\" data-element_type=\"widget\" data-e-type=\"widget\" data-widget_type=\"kinsley-section-heading-two.default\">\n\t\t\t\t<div class=\"elementor-widget-container\">\n\t\t\t\t\t\n\t\t\t\t<div class=\"knsl-subtitle-two knsl-mb-20\">\n\t\t\t<span >\n\t\t\t\tVotre havre de paix\t\t\t<\/span>\n\t\t<\/div>\n\t\t\t\t\t\t<h2 class=\"knsl-title-two knsl-mb-30\">\n\t\t\t<span >\n\t\t\t\tUn cadre exceptionnel pour un s\u00e9jour unique\t\t\t<\/span>\n\t\t<\/h2>\n\t\t\t\t\n\t\t\t\t\t\t<\/div>\n\t\t\t\t<\/div>\n\t\t\t\t<div class=\"elementor-element elementor-element-4a1f4ed elementor-widget elementor-widget-text-editor\" data-id=\"4a1f4ed\" data-element_type=\"widget\" data-e-type=\"widget\" data-widget_type=\"text-editor.default\">\n\t\t\t\t<div class=\"elementor-widget-container\">\n\t\t\t\t\t\t\t\t\t<p>D\u00e9couvrez la Villa Ka\u00efa, un refuge \u00e9l\u00e9gant situ\u00e9 \u00e0 quelques m\u00e8tres du boulevard Allal Al Fassi, en plein c\u0153ur de Marrakech. Id\u00e9alement plac\u00e9e \u00e0 proximit\u00e9 des embl\u00e9matiques Jardins Majorelle et de la c\u00e9l\u00e8bre place Jemaa el-Fna, cette maison vous offre le parfait \u00e9quilibre entre s\u00e9r\u00e9nit\u00e9 et immersion dans l\u2019effervescence de la ville rouge.<\/p>\t\t\t\t\t\t\t\t<\/div>\n\t\t\t\t<\/div>\n\t\t\t\t<\/div>\n\t\t<div class=\"elementor-element elementor-element-e028092 e-con-full e-flex e-con e-child\" data-id=\"e028092\" data-element_type=\"container\" data-e-type=\"container\">\n\t\t\t\t<\/div>\n\t\t<div class=\"elementor-element elementor-element-defcce0 e-con-full e-flex e-con e-child\" data-id=\"defcce0\" data-element_type=\"container\" data-e-type=\"container\">\n\t\t\t\t<div class=\"elementor-element elementor-element-9853894 elementor-widget elementor-widget-image\" data-id=\"9853894\" data-element_type=\"widget\" data-e-type=\"widget\" data-widget_type=\"image.default\">\n\t\t\t\t<div class=\"elementor-widget-container\">\n\t\t\t\t\t\t\t\t\t\t\t\t\t\t\t<img decoding=\"async\" src=\"https:\/\/location-marrakech-kaia.com\/wp-content\/uploads\/2025\/01\/PHOTO-2024-11-11-11-59-16.jpg\" title=\"PHOTO-2024-11-11-11-59-16\" alt=\"PHOTO-2024-11-11-11-59-16\" loading=\"lazy\" \/>\t\t\t\t\t\t\t\t\t\t\t\t\t\t\t<\/div>\n\t\t\t\t<\/div>\n\t\t\t\t<\/div>\n\t\t<div class=\"elementor-element elementor-element-574d8a2 e-con-full e-flex e-con e-child\" data-id=\"574d8a2\" data-element_type=\"container\" data-e-type=\"container\">\n\t\t\t\t<div class=\"elementor-element elementor-element-0222979 elementor-widget elementor-widget-image\" data-id=\"0222979\" data-element_type=\"widget\" data-e-type=\"widget\" data-widget_type=\"image.default\">\n\t\t\t\t<div class=\"elementor-widget-container\">\n\t\t\t\t\t\t\t\t\t\t\t\t\t\t\t<img decoding=\"async\" src=\"https:\/\/location-marrakech-kaia.com\/wp-content\/uploads\/2025\/01\/PHOTO-2024-09-19-09-57-05-1.jpg\" title=\"PHOTO-2024-09-19-09-57-05\" alt=\"PHOTO-2024-09-19-09-57-05\" loading=\"lazy\" \/>\t\t\t\t\t\t\t\t\t\t\t\t\t\t\t<\/div>\n\t\t\t\t<\/div>\n\t\t\t\t<\/div>\n\t\t\t\t\t<\/div>\n\t\t\t\t<\/div>\n\t\t\t\t<\/div>\n\t\t<div class=\"elementor-element elementor-element-c581bb2 e-con-full e-flex e-con e-parent\" data-id=\"c581bb2\" data-element_type=\"container\" data-e-type=\"container\">\n\t\t<div class=\"elementor-element elementor-element-6f8e957 e-flex e-con-boxed e-con e-child\" data-id=\"6f8e957\" data-element_type=\"container\" data-e-type=\"container\">\n\t\t\t\t\t<div class=\"e-con-inner\">\n\t\t\t\t\t<\/div>\n\t\t\t\t<\/div>\n\t\t\t\t<\/div>\n\t\t<div class=\"elementor-element elementor-element-7f25f1f e-con-full e-flex e-con e-parent\" data-id=\"7f25f1f\" data-element_type=\"container\" data-e-type=\"container\">\n\t\t<div class=\"elementor-element elementor-element-98304cd e-flex e-con-boxed e-con e-child\" data-id=\"98304cd\" data-element_type=\"container\" data-e-type=\"container\">\n\t\t\t\t\t<div class=\"e-con-inner\">\n\t\t<div class=\"elementor-element elementor-element-9e9dbd1 e-con-full e-flex e-con e-child\" data-id=\"9e9dbd1\" data-element_type=\"container\" data-e-type=\"container\">\n\t\t\t\t<div class=\"elementor-element elementor-element-7fe8d6f elementor-widget__width-initial elementor-widget elementor-widget-kinsley-section-heading-two\" data-id=\"7fe8d6f\" data-element_type=\"widget\" data-e-type=\"widget\" data-widget_type=\"kinsley-section-heading-two.default\">\n\t\t\t\t<div class=\"elementor-widget-container\">\n\t\t\t\t\t\n\t\t\t\t\t\t<h2 class=\"knsl-title-two knsl-mb-30\">\n\t\t\t<span >\n\t\t\t\tLes plus\t\t\t<\/span>\n\t\t<\/h2>\n\t\t\t\t\n\t\t\t\t\t\t<\/div>\n\t\t\t\t<\/div>\n\t\t\t\t<\/div>\n\t\t<div class=\"elementor-element elementor-element-697e751 e-con-full e-flex e-con e-child\" data-id=\"697e751\" data-element_type=\"container\" data-e-type=\"container\">\n\t\t<div class=\"elementor-element elementor-element-60e440e e-con-full e-flex e-con e-child\" data-id=\"60e440e\" data-element_type=\"container\" data-e-type=\"container\">\n\t\t<div class=\"elementor-element elementor-element-aa55754 e-con-full e-flex e-con e-child\" data-id=\"aa55754\" data-element_type=\"container\" data-e-type=\"container\">\n\t\t\t\t<div class=\"elementor-element elementor-element-c239e41 elementor-view-default elementor-widget elementor-widget-icon\" data-id=\"c239e41\" data-element_type=\"widget\" data-e-type=\"widget\" data-widget_type=\"icon.default\">\n\t\t\t\t<div class=\"elementor-widget-container\">\n\t\t\t\t\t\t\t<div class=\"elementor-icon-wrapper\">\n\t\t\t<div class=\"elementor-icon\">\n\t\t\t\t\t\t<\/div>\n\t\t<\/div>\n\t\t\t\t\t\t<\/div>\n\t\t\t\t<\/div>\n\t\t\t\t<\/div>\n\t\t<div class=\"elementor-element elementor-element-d83fbd6 e-con-full e-flex e-con e-child\" data-id=\"d83fbd6\" data-element_type=\"container\" data-e-type=\"container\">\n\t\t\t\t<div class=\"elementor-element elementor-element-0046de3 elementor-widget elementor-widget-heading\" data-id=\"0046de3\" data-element_type=\"widget\" data-e-type=\"widget\" data-widget_type=\"heading.default\">\n\t\t\t\t<div class=\"elementor-widget-container\">\n\t\t\t\t\t<h4 class=\"elementor-heading-title elementor-size-default\">3 chambres<\/h4>\t\t\t\t<\/div>\n\t\t\t\t<\/div>\n\t\t\t\t<div class=\"elementor-element elementor-element-b93e1cc elementor-widget elementor-widget-text-editor\" data-id=\"b93e1cc\" data-element_type=\"widget\" data-e-type=\"widget\" data-widget_type=\"text-editor.default\">\n\t\t\t\t<div class=\"elementor-widget-container\">\n\t\t\t\t\t\t\t\t\t<ul><li><strong>3 chambres confortables<\/strong>, d\u00e9cor\u00e9es avec soin pour vous offrir un v\u00e9ritable cocon.<\/li><\/ul>\t\t\t\t\t\t\t\t<\/div>\n\t\t\t\t<\/div>\n\t\t\t\t<\/div>\n\t\t\t\t<\/div>\n\t\t<div class=\"elementor-element elementor-element-2a8b517 e-con-full e-flex e-con e-child\" data-id=\"2a8b517\" data-element_type=\"container\" data-e-type=\"container\">\n\t\t<div class=\"elementor-element elementor-element-7925ccf e-con-full e-flex e-con e-child\" data-id=\"7925ccf\" data-element_type=\"container\" data-e-type=\"container\">\n\t\t\t\t<div class=\"elementor-element elementor-element-688d067 elementor-view-default elementor-widget elementor-widget-icon\" data-id=\"688d067\" data-element_type=\"widget\" data-e-type=\"widget\" data-widget_type=\"icon.default\">\n\t\t\t\t<div class=\"elementor-widget-container\">\n\t\t\t\t\t\t\t<div class=\"elementor-icon-wrapper\">\n\t\t\t<div class=\"elementor-icon\">\n\t\t\t\t\t\t<\/div>\n\t\t<\/div>\n\t\t\t\t\t\t<\/div>\n\t\t\t\t<\/div>\n\t\t\t\t<\/div>\n\t\t<div class=\"elementor-element elementor-element-5330428 e-con-full e-flex e-con e-child\" data-id=\"5330428\" data-element_type=\"container\" data-e-type=\"container\">\n\t\t\t\t<div class=\"elementor-element elementor-element-d48c2dd elementor-widget elementor-widget-heading\" data-id=\"d48c2dd\" data-element_type=\"widget\" data-e-type=\"widget\" data-widget_type=\"heading.default\">\n\t\t\t\t<div class=\"elementor-widget-container\">\n\t\t\t\t\t<h4 class=\"elementor-heading-title elementor-size-default\">2 terrasses spacieuses<\/h4>\t\t\t\t<\/div>\n\t\t\t\t<\/div>\n\t\t\t\t<div class=\"elementor-element elementor-element-1b81b13 elementor-widget elementor-widget-text-editor\" data-id=\"1b81b13\" data-element_type=\"widget\" data-e-type=\"widget\" data-widget_type=\"text-editor.default\">\n\t\t\t\t<div class=\"elementor-widget-container\">\n\t\t\t\t\t\t\t\t\t<p><strong>2 terrasses spacieuses<\/strong>, parfaites pour des moments de d\u00e9tente au soleil ou sous les \u00e9toiles<\/p>\t\t\t\t\t\t\t\t<\/div>\n\t\t\t\t<\/div>\n\t\t\t\t<\/div>\n\t\t\t\t<\/div>\n\t\t\t\t<\/div>\n\t\t<div class=\"elementor-element elementor-element-10a0f22 e-con-full e-flex e-con e-child\" data-id=\"10a0f22\" data-element_type=\"container\" data-e-type=\"container\">\n\t\t<div class=\"elementor-element elementor-element-4922cc8 e-con-full e-flex e-con e-child\" data-id=\"4922cc8\" data-element_type=\"container\" data-e-type=\"container\">\n\t\t<div class=\"elementor-element elementor-element-7e19ee4 e-con-full e-flex e-con e-child\" data-id=\"7e19ee4\" data-element_type=\"container\" data-e-type=\"container\">\n\t\t\t\t<div class=\"elementor-element elementor-element-02e9ac6 elementor-view-default elementor-widget elementor-widget-icon\" data-id=\"02e9ac6\" data-element_type=\"widget\" data-e-type=\"widget\" data-widget_type=\"icon.default\">\n\t\t\t\t<div class=\"elementor-widget-container\">\n\t\t\t\t\t\t\t<div class=\"elementor-icon-wrapper\">\n\t\t\t<div class=\"elementor-icon\">\n\t\t\t\t\t\t<\/div>\n\t\t<\/div>\n\t\t\t\t\t\t<\/div>\n\t\t\t\t<\/div>\n\t\t\t\t<\/div>\n\t\t<div class=\"elementor-element elementor-element-9870f7c e-con-full e-flex e-con e-child\" data-id=\"9870f7c\" data-element_type=\"container\" data-e-type=\"container\">\n\t\t\t\t<div class=\"elementor-element elementor-element-dc8ce48 elementor-widget elementor-widget-heading\" data-id=\"dc8ce48\" data-element_type=\"widget\" data-e-type=\"widget\" data-widget_type=\"heading.default\">\n\t\t\t\t<div class=\"elementor-widget-container\">\n\t\t\t\t\t<h4 class=\"elementor-heading-title elementor-size-default\">Une piscine priv\u00e9e<\/h4>\t\t\t\t<\/div>\n\t\t\t\t<\/div>\n\t\t\t\t<div class=\"elementor-element elementor-element-e098174 elementor-widget elementor-widget-text-editor\" data-id=\"e098174\" data-element_type=\"widget\" data-e-type=\"widget\" data-widget_type=\"text-editor.default\">\n\t\t\t\t<div class=\"elementor-widget-container\">\n\t\t\t\t\t\t\t\t\t<ul><li>Une <strong>piscine priv\u00e9e<\/strong>, pour un luxe et une relaxation absolue.<\/li><\/ul>\t\t\t\t\t\t\t\t<\/div>\n\t\t\t\t<\/div>\n\t\t\t\t<\/div>\n\t\t\t\t<\/div>\n\t\t<div class=\"elementor-element elementor-element-b2cd346 e-con-full e-flex e-con e-child\" data-id=\"b2cd346\" data-element_type=\"container\" data-e-type=\"container\">\n\t\t<div class=\"elementor-element elementor-element-77282f4 e-con-full e-flex e-con e-child\" data-id=\"77282f4\" data-element_type=\"container\" data-e-type=\"container\">\n\t\t\t\t<div class=\"elementor-element elementor-element-58da1d3 elementor-view-default elementor-widget elementor-widget-icon\" data-id=\"58da1d3\" data-element_type=\"widget\" data-e-type=\"widget\" data-widget_type=\"icon.default\">\n\t\t\t\t<div class=\"elementor-widget-container\">\n\t\t\t\t\t\t\t<div class=\"elementor-icon-wrapper\">\n\t\t\t<div class=\"elementor-icon\">\n\t\t\t\t\t\t<\/div>\n\t\t<\/div>\n\t\t\t\t\t\t<\/div>\n\t\t\t\t<\/div>\n\t\t\t\t<\/div>\n\t\t<div class=\"elementor-element elementor-element-f28fd1b e-con-full e-flex e-con e-child\" data-id=\"f28fd1b\" data-element_type=\"container\" data-e-type=\"container\">\n\t\t\t\t<div class=\"elementor-element elementor-element-cd06d6c elementor-widget elementor-widget-heading\" data-id=\"cd06d6c\" data-element_type=\"widget\" data-e-type=\"widget\" data-widget_type=\"heading.default\">\n\t\t\t\t<div class=\"elementor-widget-container\">\n\t\t\t\t\t<h4 class=\"elementor-heading-title elementor-size-default\">Un barbecue ext\u00e9rieur<\/h4>\t\t\t\t<\/div>\n\t\t\t\t<\/div>\n\t\t\t\t<div class=\"elementor-element elementor-element-db6319c elementor-widget elementor-widget-text-editor\" data-id=\"db6319c\" data-element_type=\"widget\" data-e-type=\"widget\" data-widget_type=\"text-editor.default\">\n\t\t\t\t<div class=\"elementor-widget-container\">\n\t\t\t\t\t\t\t\t\t<p>Un <strong>barbecue ext\u00e9rieur<\/strong>, id\u00e9al pour des repas conviviaux en famille ou entre amis.<\/p>\t\t\t\t\t\t\t\t<\/div>\n\t\t\t\t<\/div>\n\t\t\t\t<\/div>\n\t\t\t\t<\/div>\n\t\t\t\t<\/div>\n\t\t\t\t\t<\/div>\n\t\t\t\t<\/div>\n\t\t\t\t<\/div>\n\t\t<div class=\"elementor-element elementor-element-580af1d e-flex e-con-boxed e-con e-parent\" data-id=\"580af1d\" data-element_type=\"container\" data-e-type=\"container\">\n\t\t\t\t\t<div class=\"e-con-inner\">\n\t\t\t\t<div class=\"elementor-element elementor-element-901b755 elementor-widget elementor-widget-text-editor\" data-id=\"901b755\" data-element_type=\"widget\" data-e-type=\"widget\" data-widget_type=\"text-editor.default\">\n\t\t\t\t<div class=\"elementor-widget-container\">\n\t\t\t\t\t\t\t\t\t<p><strong>L\u2019essence du mot \u00ab\u00a0Ka\u00efa\u00a0\u00bb <\/strong>porte des significations riches et vari\u00e9es selon les cultures. En Scandinavie, il d\u00e9rive de &#8220;Katarina&#8221; et signifie &#8220;pure&#8221; ou &#8220;chaste&#8221;. En Afrique, il peut d\u00e9signer une maison ou un lieu de rassemblement, \u00e9voquant un abri accueillant. Associ\u00e9 \u00e0 la spiritualit\u00e9, &#8220;Ka\u00efa&#8221; symbolise aussi un lien harmonieux avec la nature et l&#8217;univers. Aujourd&#8217;hui, il incarne souvent simplicit\u00e9 et connexion \u00e0 l&#8217;environnement, faisant \u00e9cho \u00e0 des valeurs universelles de s\u00e9r\u00e9nit\u00e9 et d&#8217;harmonie.<\/p><p><strong>Une exp\u00e9rience sur mesure :<br \/><\/strong><br \/>Que vous voyagiez en couple, en famille ou entre amis, la Villa Ka\u00efa est le choix id\u00e9al pour des moments inoubliables. Profitez de sa localisation privil\u00e9gi\u00e9e pour explorer la magie de Marrakech tout en vous relaxant dans votre oasis personnelle.<\/p><p>R\u00e9servez d\u00e8s aujourd\u2019hui votre s\u00e9jour \u00e0 la Villa Ka\u00efa et laissez-vous s\u00e9duire par le charme unique de Marrakech et ses services haut de gamme.<\/p><p>\u00a0<\/p>\t\t\t\t\t\t\t\t<\/div>\n\t\t\t\t<\/div>\n\t\t\t\t\t<\/div>\n\t\t\t\t<\/div>\n\t\t<div class=\"elementor-element elementor-element-2ae423c e-flex e-con-boxed e-con e-parent\" data-id=\"2ae423c\" data-element_type=\"container\" data-e-type=\"container\">\n\t\t\t\t\t<div class=\"e-con-inner\">\n\t\t\t\t<div class=\"elementor-element elementor-element-9a274d2 elementor-widget elementor-widget-kinsley-buttons\" data-id=\"9a274d2\" data-element_type=\"widget\" data-e-type=\"widget\" data-widget_type=\"kinsley-buttons.default\">\n\t\t\t\t<div class=\"elementor-widget-container\">\n\t\t\t\t\t\n        <!-- action button -->\n        <a  href=\"\/?mphb_room_type=penthouse-suite-room\" class=\"knsl-btn knsl-btn-md\">\n                        <span >\n            R\u00e9server            <\/span>\n        <\/a>\n        <!-- action button end -->\n\n\t\t\t\t\t\t<\/div>\n\t\t\t\t<\/div>\n\t\t\t\t\t<\/div>\n\t\t\t\t<\/div>\n\t\t\t\t<\/div>\n\t\t","protected":false},"excerpt":{"rendered":"<p>A propos de la Villa Ka\u00efa Un cadre exceptionnel pour un s\u00e9jour unique Votre havre de paix Un cadre exceptionnel&#8230; <span class=\"knsl-el-more\"><a href=\"https:\/\/location-marrakech-kaia.com\/?page_id=287\" class=\"knsl-btn\">Read more<span class=\"screen-reader-text\">Read more&nbsp;About<\/span><\/a><\/span><\/p>\n","protected":false},"author":1,"featured_media":0,"parent":0,"menu_order":0,"comment_status":"closed","ping_status":"closed","template":"template-layout-builder.php","meta":{"_acf_changed":false,"footnotes":""},"class_list":["post-287","page","type-page","status-publish","hentry"],"acf":[],"_links":{"self":[{"href":"https:\/\/location-marrakech-kaia.com\/index.php?rest_route=\/wp\/v2\/pages\/287","targetHints":{"allow":["GET"]}}],"collection":[{"href":"https:\/\/location-marrakech-kaia.com\/index.php?rest_route=\/wp\/v2\/pages"}],"about":[{"href":"https:\/\/location-marrakech-kaia.com\/index.php?rest_route=\/wp\/v2\/types\/page"}],"author":[{"embeddable":true,"href":"https:\/\/location-marrakech-kaia.com\/index.php?rest_route=\/wp\/v2\/users\/1"}],"replies":[{"embeddable":true,"href":"https:\/\/location-marrakech-kaia.com\/index.php?rest_route=%2Fwp%2Fv2%2Fcomments&post=287"}],"version-history":[{"count":28,"href":"https:\/\/location-marrakech-kaia.com\/index.php?rest_route=\/wp\/v2\/pages\/287\/revisions"}],"predecessor-version":[{"id":9773,"href":"https:\/\/location-marrakech-kaia.com\/index.php?rest_route=\/wp\/v2\/pages\/287\/revisions\/9773"}],"wp:attachment":[{"href":"https:\/\/location-marrakech-kaia.com\/index.php?rest_route=%2Fwp%2Fv2%2Fmedia&parent=287"}],"curies":[{"name":"wp","href":"https:\/\/api.w.org\/{rel}","templated":true}]}}